{"id":132,"date":"2022-11-01T22:18:26","date_gmt":"2022-11-01T22:18:26","guid":{"rendered":"https:\/\/francescapinna.es\/?page_id=132"},"modified":"2025-11-26T10:33:01","modified_gmt":"2025-11-26T10:33:01","slug":"contact","status":"publish","type":"page","link":"https:\/\/francescapinna.es\/?page_id=132","title":{"rendered":"Contact"},"content":{"rendered":"\n<p>Dr. Francesca Pinna<br>Maria Sk\u0142odowska-Curie Fellow<br>Associated IAC Research Groups: <a href=\"https:\/\/portalciencia.ull.es\/grupos\/64870\/detalle\">CEMWAY Evoluci\u00f3n C\u00f3smica de Galaxias An\u00e1logas a la V\u00eda L\u00e1ctea<\/a>, <a href=\"https:\/\/www.iac.es\/en\/projects\/traces-galaxy-formation-stellar-populations-dynamics-and-morphology\">TRACES of Galaxy Formation<\/a>, <a href=\"https:\/\/www.iac.es\/en\/projects\/numerical-astrophysics-galaxy-formation-and-evolution\">Numerical Astrophysics: Galaxy Formation and Evolution<\/a>. <\/p>\n\n\n\n<p><a href=\"https:\/\/www.iac.es\/\" data-type=\"link\" data-id=\"https:\/\/www.iac.es\/\">Instituto de Astrof\u00edsica de Canarias<\/a> (IAC)<br>C\/ V\u00eda L\u00e1ctea s\/n\u00a0\u00a0\u00a0\u00a0\u00a0\u00a0\u00a0\u00a0\u00a0\u00a0\u00a0\u00a0\u00a0\u00a0\u00a0\u00a0\u00a0\u00a0\u00a0\u00a0\u00a0\u00a0\u00a0\u00a0\u00a0\u00a0\u00a0\u00a0\u00a0\u00a0<br>E38205 La Laguna &#8211; Tenerife\u00a0\u00a0\u00a0\u00a0\u00a0\u00a0\u00a0\u00a0\u00a0\u00a0\u00a0\u00a0\u00a0\u00a0\u00a0\u00a0\u00a0\u00a0\u00a0\u00a0\u00a0\u00a0\u00a0\u00a0\u00a0\u00a0<br>Spain<\/p>\n\n\n\n<p>Phone:&nbsp;&nbsp;+34 922605200 (Ext. 5592)&nbsp;&nbsp;&nbsp;&nbsp;&nbsp;&nbsp;&nbsp;&nbsp;&nbsp;&nbsp;&nbsp;&nbsp;&nbsp;&nbsp;&nbsp;&nbsp;&nbsp;&nbsp;&nbsp;&nbsp;&nbsp;&nbsp;&nbsp;&nbsp;&nbsp;&nbsp;&nbsp;&nbsp;&nbsp;&nbsp;&nbsp;&nbsp;&nbsp;&nbsp;&nbsp;&nbsp;&nbsp;&nbsp;&nbsp;&nbsp;&nbsp;&nbsp;&nbsp;&nbsp;&nbsp;&nbsp;&nbsp;<br>Email:&nbsp;&nbsp;<a href=\"mailto:francesca.pinna@iac.es\">francesca.pinna@iac.es<\/a><\/p>\n","protected":false},"excerpt":{"rendered":"<p>Dr. Francesca PinnaMaria Sk\u0142odowska-Curie FellowAssociated IAC Research Groups: CEMWAY Evoluci\u00f3n C\u00f3smica de Galaxias An\u00e1logas a la V\u00eda L\u00e1ctea, TRACES of Galaxy Formation, Numerical Astrophysics: Galaxy Formation and Evolution. Instituto de Astrof\u00edsica de Canarias (IAC)C\/ V\u00eda L\u00e1ctea s\/n\u00a0\u00a0\u00a0\u00a0\u00a0\u00a0\u00a0\u00a0\u00a0\u00a0\u00a0\u00a0\u00a0\u00a0\u00a0\u00a0\u00a0\u00a0\u00a0\u00a0\u00a0\u00a0\u00a0\u00a0\u00a0\u00a0\u00a0\u00a0\u00a0\u00a0E38205 La Laguna &#8211; Tenerife\u00a0\u00a0\u00a0\u00a0\u00a0\u00a0\u00a0\u00a0\u00a0\u00a0\u00a0\u00a0\u00a0\u00a0\u00a0\u00a0\u00a0\u00a0\u00a0\u00a0\u00a0\u00a0\u00a0\u00a0\u00a0\u00a0Spain Phone:&nbsp;&nbsp;+34 922605200 (Ext. 5592)&nbsp;&nbsp;&nbsp;&nbsp;&nbsp;&nbsp;&nbsp;&nbsp;&nbsp;&nbsp;&nbsp;&nbsp;&nbsp;&nbsp;&nbsp;&nbsp;&nbsp;&nbsp;&nbsp;&nbsp;&nbsp;&nbsp;&nbsp;&nbsp;&nbsp;&nbsp;&nbsp;&nbsp;&nbsp;&nbsp;&nbsp;&nbsp;&nbsp;&nbsp;&nbsp;&nbsp;&nbsp;&nbsp;&nbsp;&nbsp;&nbsp;&nbsp;&nbsp;&nbsp;&nbsp;&nbsp;&nbsp;Email:&nbsp;&nbsp;francesca.pinna@iac.es<\/p>\n","protected":false},"author":1,"featured_media":0,"parent":0,"menu_order":0,"comment_status":"closed","ping_status":"closed","template":"","meta":{"footnotes":""},"class_list":["post-132","page","type-page","status-publish","hentry"],"_links":{"self":[{"href":"https:\/\/francescapinna.es\/index.php?rest_route=\/wp\/v2\/pages\/132","targetHints":{"allow":["GET"]}}],"collection":[{"href":"https:\/\/francescapinna.es\/index.php?rest_route=\/wp\/v2\/pages"}],"about":[{"href":"https:\/\/francescapinna.es\/index.php?rest_route=\/wp\/v2\/types\/page"}],"author":[{"embeddable":true,"href":"https:\/\/francescapinna.es\/index.php?rest_route=\/wp\/v2\/users\/1"}],"replies":[{"embeddable":true,"href":"https:\/\/francescapinna.es\/index.php?rest_route=%2Fwp%2Fv2%2Fcomments&post=132"}],"version-history":[{"count":6,"href":"https:\/\/francescapinna.es\/index.php?rest_route=\/wp\/v2\/pages\/132\/revisions"}],"predecessor-version":[{"id":543,"href":"https:\/\/francescapinna.es\/index.php?rest_route=\/wp\/v2\/pages\/132\/revisions\/543"}],"wp:attachment":[{"href":"https:\/\/francescapinna.es\/index.php?rest_route=%2Fwp%2Fv2%2Fmedia&parent=132"}],"curies":[{"name":"wp","href":"https:\/\/api.w.org\/{rel}","templated":true}]}}